= -2 + 3*s + 2*s**2 - 3*s - s**2 - 6*s. Let u be 18 + -5 - (-3 + 10). Determine v(u).
-2
Suppose 3*m = -3*a + a + 3, 9*a = -4*m + 23. Let p(u) = -42*u**2 - 2*u - 3. Give p(m).
-43
Let j(g) = g**3 + 2*g**2 - g - 1. Let d(m) = -4*m**3 - 5*m**2 - 10*m + 19. Let s(w) = -d(w) - 5*j(w). Determine s(-7).
-21
Let y be (-1)/(19/(19 + 0)). Let g(z) be the second derivative of -11*z**3/2 + 4*z. Calculate g(y).
33
Let f(y) = 4*y**2 + 13*y + 94. Let j(x) = 3*x**2 + 10*x + 84. Let r(g) = -4*f(g) + 5*j(g). Determine r(10).
-76
Let k be -2*(44/(-8) + 4). Let z be 1/((-2 - 2) + k). Let q(w) = 10 - 23 + w + 10 + 4 + 7*w**2. Determine q(z).
7
Let m(k) = -4*k + 51. Let g = 352 + -348. Let l(r) = -r + 15. Let q(c) = g*m(c) - 14*l(c). What is q(-9)?
12
Suppose 28 - 24 = i. Suppose 4*s = 4*t + 12, 0 = 3*t + s + i*s - 7. Let j(l) = 3*l + 2. What is j(t)?
-1
Let m(p) be the second derivative of p**4/12 + 4*p**3/3 + 7*p**2/2 + p - 11. Suppose -n = 5*a + 34, n = -a + 5*n + 10. Determine m(a).
-5
Let j(l) = 3*l**3 - 2*l**2 + 2*l - 1. Let f = -387 - -393. Suppose 0 = -304*x + 301*x + f. What is j(x)?
19
Suppose -95*l = 1261 + 259. Let w(z) = -2*z - 26. What is w(l)?
6
Let x = 176 + -173. Suppose r - 16 = 5*n - 9*n, -3*n + x = 3*r. Let t(q) = q**2 - 3*q - 5. What is t(n)?
5
Let w(y) = -y**3 - 56*y**2 - 3*y - 174. Let n be w(-56). Let d(l) be the second derivative of l**3/6 - 6*l. Calculate d(n).
-6
Let f(t) = 2*t**3 - 65*t**2 - 29*t - 133. Let g be f(33). Let k(p) = -85*p. What is k(g)?
85
Let m(r) = r**2 + r - 5. Suppose -37*p - 2 + 2 = -0. Give m(p).
-5
Let t(p) = -5254*p - 13 + 5250*p - 9. What is t(-4)?
-6
Let t be (8/5)/((-1)/5). Let j be (-12)/12 + 8 + -1*1. Let l(b) = j*b + 5*b + 9 - 9*b. Determine l(t).
-7
Let r be 1 + 4 + (-5 - -2). Let p(x) = x**2 + 5*x**2 - 7*x**2 + 4*x - r*x. Suppose 0 = 4*b - u + 9, -9*b - 45 = 9*b - 3*u. Give p(b).
-15
Let p(i) be the third derivative of i**5/60 + i**4/8 - 11*i**3/3 + 51*i**2 + 1. What is p(-7)?
6
Let p(d) = -20*d + 27 - 4 + 20*d**3 - 1680*d**2 + 1679*d**2. Let h(j) = -7*j**3 + 7*j - 8. Let n(o) = -17*h(o) - 6*p(o). Calculate n(6).
4
Suppose 0 = -2*x - 3*m + 123, -x + 0*m = -5*m - 55. Suppose 2*y + 10*y + x = 0. Let o(q) = 3 - q**2 - 5*q + q**2 - q**2. Calculate o(y).
3
Let n(t) = -11*t**3 + 2*t**2. Let b be 26/(-273) - ((-1)/(-6) - 310/(-420)). Determine n(b).
13
Let m(j) = 5*j**3 - 2*j**2 + j - 1. Let d(g) = -g**3 + 137*g**2 + 278*g - 2. Let i be d(139). Calculate m(i).
-51
Let o(v) be the second derivative of -v**5/20 - v**4/6 + v**3/6 + 5*v. Suppose 5*n - 45 = -5*j + 130, -3*j - 5*n = -105. Suppose -5 = 30*p - j*p. What is o(p)?
-2
Let a = 20363 + -20354. Let o(r) = 14*r - 113. Determine o(a).
13
Let f = 20 + -17. Suppose 0 = 4*g, -2*b = f*b - 5*g - 6035. Let w(p) = -4 - 1207*p + p**2 + b*p. Give w(5).
21
Let q(k) = -3*k**2 - 5*k - 1. Let o(y) = y**2 + y - 1348 - 1350 + 2699. Let x be 3 + -3*6/9. Let w(h) = x*q(h) + 2*o(h). Determine w(-4).
-3
Let x(j) = -3*j**2 - 2*j + 1. Let d(c) = 15*c**2 + 47 - 23*c**3 + 67*c**3 - 43*c**3 + 3*c. Let y be d(-15). Give x(y).
-15
Let l(k) be the first derivative of 5*k**2/2 + 3*k + 13114. Suppose -t - 4*x - 23 = 0, -5*t - 4*x - 35 = -0*x. Calculate l(t).
-12
Let c(x) be the third derivative of 17*x**4/24 - 43*x**3 - x**2 + 3378*x. Determine c(13).
-37
Let k(z) = z**3 + 14*z**2 + 13*z + 3. Suppose -15 - 45 = -6*v. Suppose v*s - 16 = -146. Give k(s).
3
Let v(k) be the first derivative of 1/3*k**3 - 1/2*k**2 + 11*k + 64. Suppose 2*q + 0*q = 0. What is v(q)?
11
Let i(n) = n + 8. Suppose 2*b - 3*b + 22 = 0. Suppose 21*a - 5 = b*a. Let r(z) = z**2 + 4*z - 12. Let h be r(a). Give i(h).
1
Let n be -8 - (70/25)/(-7)*10. Let l be 1/(1/3) + -2. Let d be n + l + 6 + -5. Let g(k) = 2*k - 2. Determine g(d).
-6
Let i(j) = -2*j**3 - 37*j**2 + 8*j - 220. Let r be i(-19). Let q(p) = -p + 27. Calculate q(r).
38
Let c(d) = d**2 - 4*d - 4. Let t be (3 + -4 - 1)*-8. Suppose -29*l + 33*l = t. Suppose 3*k + b - 8 - 5 = 0, -l*b + 4 = 0. Calculate c(k).
-4
Let f(u) = -11*u + 11. Let m = 41 + -44. Let b be m - (2 + -4) - -5. Let n(s) = 5*s - 6. Let r(j) = b*f(j) + 9*n(j). Give r(9).
-1
Let v(o) = 123 - 2766*o**2 - 33*o - 2733*o**2 + 5500*o**2. What is v(29)?
7
Let o(v) = 39*v - 140*v + 58965 - 17*v**2 - 58968. Calculate o(-6).
-9
Let j(z) be the second derivative of z**5/20 + z**4/6 + z**2/2 + 7*z + 2. Let f be (-3)/(3 - -2 - 4). Calculate j(f).
-8
Let x(r) be the third derivative of r**6/120 - 7*r**5/60 + 7*r**4/24 + r**3/6 - 36*r**2 - r + 61. Determine x(8).
121
Let j(r) = -188*r + r**2 - 177*r + 354*r + 16. Let y be j(10). Let q(c) = -2*c + 8. What is q(y)?
-4
Let r(q) = q**2 - 39*q + 382. Let b be r(16). Let t(c) be the third derivative of -1/24*c**4 - b*c**2 + 0*c + 0 + 0*c**3. Give t(6).
-6
Suppose 5*f - 25 = -3*o, 3*f + 13 = o + 7*f. Suppose 4*c + 37 = -o*k, -2*k - 42 = 2*k - 3*c. Let l(q) = -q**3 - 8*q**2 + 8*q. Give l(k).
9
Let q = -5369 - -5359. Let o(h) = -h**2 - 13*h - 14. Determine o(q).
16
Let d(o) = 7 - 3*o**2 + 0*o**2 + o**3 - o**2 - 2 - 7*o. Suppose -2*a - 109*k + 103*k = -58, k = -4*a + 28. Give d(a).
-5
Let j(i) = 311 + 1870*i - 1862*i - 259. Calculate j(-9).
-20
Let q(o) = 2*o**2 - 20*o + 2. Let a be q(10). Let u be 1786/22 + a/(-11). Let y(l) = -88*l**2 + l + 0 + 1 + u*l**2. Determine y(-1).
-7
Suppose -97*c - 335 = 150. Let f(d) = -10*d - 52. What is f(c)?
-2
Let t be 2 - 0/((-4)/(-4)). Suppose -14 = -5*u - d, u - t*d = -0*d - 6. Let r = u + 4. Let n(h) = -3*h + 4. What is n(r)?
-14
Let z(f) be the first derivative of -f**2 + 10*f - 393. Suppose l - 26 = -l + 2*n, -n = 5*l - 41. Determine z(l).
-8
Suppose -38751*q + 38750*q - 5 - 2 = 0. Let m(j) = 2*j**3 + 13*j**2 - 9*j - 7. Calculate m(q).
7
Let k(n) = 8*n**2 + 406*n - 31. Let s(a) = -a**2 - 47*a + 4. Let w(r) = 2*k(r) + 17*s(r). Let o(b) = b**2 - b - 6. Let l be o(5). What is w(l)?
-8
Let a(m) = -2*m + 8. Suppose -3*o + 78 = 3*t, -3*t + 60 = -4*o + o. Suppose 12 = -t*z + 25*z. Calculate a(z).
-4
Let z(y) = -y + 7. Let b be z(7). Let n(c) = -5*c + 99. Let x(m) = -13*m + 241. Let a(t) = -5*n(t) + 2*x(t). Give a(b).
-13
Let r(b) = -b**3 - 9*b**2 - 17*b - 17. Let t(l) = 2*l**3 - 3*l**2 + 10*l - 61. Let g be t(4). Suppose -10*u - 11 - g = 0. Give r(u).
4
Let t(m) = -33*m**2 - 33*m**2 - 9*m - 15 + 124*m**2 - 36*m**2 - 23*m**2. Determine t(-5).
5
Suppose -47*f + 54*f - 7 = 0. Let v be (41 - 42)*(2 - 1)*f. Let l(j) be the first derivative of -j**4/4 + j**2 + j + 1. What is l(v)?
0
Let q(m) = -159*m**2 - 115*m + 94. Let j(l) = -198*l**2 - 115*l + 96. Let x(f) = 4*j(f) - 5*q(f). Give x(-39).
-8
Suppose 222*o - 215*o = 14. Let x(s) = o + s**3 + 411*s**2 - 2*s - 203*s**2 - 205*s**2. Calculate x(2).
18
Let i = 18 - 25. Let g be ((-9)/(-15))/(((-6)/(-15))/2). Let j(h) = -5*h**2 + 5 + 3*h - 2*h - 2*h**2 + 0*h**2 - h**g. Give j(i).
-2
Let h be 10/(-30)*(-18)/1. Let t(o) = 2*o**2 - 13*o - 6. What is t(h)?
-12
Suppose -5*y + 2 = 32. Let z(a) = 9*a**2 + 45*a + 36. Let h(p) = 4*p**2 + 20*p + 16. Let i(c) = 34*h(c) - 15*z(c). Give i(y).
10
Let u = -9 - -11. Let p(l) = -l**3 + 2 + l - 1 - u*l + l**2. Let g(s) = -s**3 - 44*s**2 - 344*s - 134. Let a be g(-34). What is p(a)?
-5
Let z(h) = 13*h**2 - 13*h - 28. Let j(u) = 4*u**2 - 4*u - 8. Let w(m) = 16*j(m) - 5*z(m). What is w(5)?
-8
Let b(f) be the first derivative of 3*f**2/2 - f + 8972. Suppose 0 = 6*w - 3 - 3. Determine b(w).
2
Let i(y) = -3*y + 5. Let o(n) = -15*n + 23. Let g(s) = 12*i(s) - 3*o(s). Calculate g(2).
9
Let m = -907 + 911. Let x(j) be the second derivative of 6*j + 1/2*j**2 + 0 + 7/12*j**m - 1/3*j**3. Determine x(1).
6
Let l(h) = h**3 + 9*h**2 + 11*h + 1. Suppose -10*v = 116 - 36. Let m = 0 + v. Calculate l(m).
-23
Let h(w) = 4*w - 4. Suppose 2*g = -100 - 188. Let l = 139 - g. Suppose -l*m = -279*m - 12. Calculate h(m).
8
Suppose -82 = m - 11. Let x = 77 + m. Let n(i) = i**3 - 7*i**2 + 4*i + 7. Give n(x).
-5
Let d(a) be the first derivative of -a**4/4 - 5*a**3/3 + 3*a**2 + 5*a - 105. Let z(q) = q**3 - 8*q**2 - 12*q + 21. Let x be z(9). Calculate d(x).
5
Let h(s) be the second derivative of -34*s**3/3 - 11*s**2/2 - 7465*s. Calculate h(1).
-79
Let x(v) = -v + 10. Let i be 25 + -27 - (-5)/((-5)/(-28)). Suppose 2*q - 15 = -2*y + 5, -2*q - 4*y = -i. Calculate x(q).
3
Let s(d) = -16*d - 7*d + 21*d +